 14
-1417b
What is -281db (base 16) in base 12?
-7b10b
23496 (base 12) to base 14
1337c
26bc34 (base 13) to base 12
394112
-1311545 (base 7) to base 14
-464cc
What is 1010111100110110000101 (base 2) in base 15?
3ba876
Convert 116277 (base 8) to base 3.
2001001012
What is 10914da (base 14) in base 4?
132003211120
-7646eb (base 15) to base 2
-10101011111100110001110
Convert -221030255 (base 6) to base 11.
-2271599
Convert -11110010100100 (base 2) to base 15.
-48ee
Convert 110011110010111101 (base 2) to base 7.
1542351
What is -29215 (base 14) in base 9?
-164745
What is 7499 (base 11) in base 4?
2122311
177858 (base 10) to base 2
101011011011000010
What is -4301125 (base 6) in base 15?
-4244b
-20222101011 (base 3) to base 7
-1111240
-179935 (base 12) to base 6
-12450105
What is -10e474 (base 15) in base 3?
-1112000212101
Convert 23432150 (base 6) to base 2.
10110011100001100010
Convert -1193c (base 13) to base 5.
-2013310
Convert -114571 (base 8) to base 11.
-27578
-16881 (base 11) to base 16
-5c84
Convert 6a5854 (base 14) to base 6.
205421110
Convert -2115234 (base 6) to base 5.
-11303213
What is 32850 (base 11) in base 12?
23674
Convert -21102343 (base 5) to base 12.
-85584
What is 3b208 (base 15) in base 5?
22030313
What is -37386 (base 15) in base 10?
-176301
What is -220110020 (base 4) in base 8?
-502410
What is 101110101011100100000001 (base 2) in base 9?
25021070
What is 84921 (base 10) in base 7?
502404
Convert 113022320312 (base 4) to base 8.
27127066
-2003021201 (base 4) to base 3
-1000021212202
What is 8c8199 (base 13) in base 12?
114776b
Convert -2211802 (base 11) to base 12.
-137275a
4624166 (base 7) to base 6
20214325
What is 87535 (base 10) in base 7?
513130
What is 3521260 (base 8) in base 3?
1210201201011
1111010101010111011 (base 2) to base 14
d117d
1a129d (base 16) to base 9
3183806
What is 311350 (base 7) in base 6?
1050551
-31eb0 (base 15) to base 9
-261453
What is 231502 (base 6) in base 12?
b592
What is -23200234 (base 5) in base 15?
-420ce
Convert 11545353 (base 6) to base 8.
1326245
100010010000101111 (base 2) to base 4
202100233
What is -c3707c (base 13) in base 4?
-101120132021
210020112 (base 6) to base 4
31321013030
What is 7c576 (base 13) in base 10?
227233
Convert -32399 (base 12) to base 2.
-10000001010100101
What is 10020332102 (base 4) in base 14?
203758
What is -10010010000111 (base 2) in base 15?
-2b86
b399 (base 12) to base 2
100110001100101
What is 425213 (base 8) in base 3?
21012201220
-3333013 (base 5) to base 10
-58508
-16a88 (base 15) to base 9
-121432
-62170354 (base 8) to base 16
-c8f0ec
Convert 2b450 (base 16) to base 2.
101011010001010000
What is 9624452 (base 10) in base 11?
5483aa2
What is -1100001100000010 (base 2) in base 13?
-19952
Convert -11c8ed (base 15) to base 14.
-182987
Convert 44243550 (base 6) to base 13.
37659c
Convert 102222212 (base 3) to base 15.
28ce
Convert 19d30 (base 15) to base 11.
580a7
What is 1213112 (base 6) in base 3?
10021001122
Convert -333761 (base 10) to base 9.
-557745
Convert -47674 (base 10) to base 14.
-13534
What is 535284 (base 12) in base 3?
2110211101101
13012023112 (base 4) to base 9
3444771
Convert 947d (base 16) to base 15.
b3e3
Convert -110011010101010011110 (base 2) to base 14.
-31b006
What is 12014375 (base 10) in base 8?
55651447
What is 13121001312 (base 4) in base 6?
105310010
What is -12341123 (base 6) in base 15?
-7e1bc
Convert -c255c6 (base 13) to base 10.
-4524630
-65a16 (base 13) to base 12
-8a624
Convert 366595 (base 10) to base 15.
7394a
What is -135089 (base 10) in base 8?
-407661
-3131123 (base 6) to base 3
-21201100220
What is 241452 (base 8) in base 2?
10100001100101010
What is -4102210 (base 7) in base 2?
-1110111001100000010
-a8942 (base 13) to base 12
-128449
Convert 18101786 (base 9) to base 6.
522534040
Convert -2899a8 (base 11) to base 7.
-3562666
What is 1011020200212 (base 3) in base 9?
1136625
101201213 (base 4) to base 15
16408
11001111001111100 (base 2) to base 8
317174
-68345 (base 11) to base 6
-2041522
What is -210311201 (base 4) in base 16?
-24d61
-115159 (base 11) to base 16
-2c904
-2151706 (base 8) to base 4
-2031033012
Convert 202116441 (base 7) to base 12.
3b449b3
Convert -603dc (base 15) to base 3.
-120110212200
27016341 (base 8) to base 12
2031569
Convert -60162 (base 7) to base 5.
-430444
What is -38b338 (base 13) in base 11?
-854128
Convert -7b9a5 (base 13) to base 3.
-102110200010
22437 (base 10) to base 2
101011110100101
What is 5d59 (base 14) in base 13?
7596
27697 (base 10) to base 14
a145
Convert a33a12 (base 13) to base 15.
502e8e
201101020221 (base 3) to base 11
240657
Convert -113321233022 (base 4) to base 14.
-b91654
What is -128236 (base 10) in base 16?
-1f4ec
What is -4123125 (base 6) in base 13?
-6bca2
What is 14b579 (base 12) in base 8?
1256555
What is 100220441 (base 5) in base 14?
a51c2
1052343 (base 6) to base 8
150707
-13052c (base 15) to base 5
-213144132
-1563620 (base 8) to base 13
-12ac65
41c180 (base 14) to base 16
21eb64
What is -41446344 (base 9) in base 6?
-1551102234
Convert -8501 (base 13) to base 12.
-a7b2
What is -100110000001101010100 (base 2) in base 3?
-2100022020111
What is -40311423 (base 5) in base 10?
-322738
-1c9b5c (base 14) to base 5
-230311000
What is -1976b0 (base 16) in base 2?
-110010111011010110000
342341002 (base 5) to base 2
101110100111101001011
What is -13331053 (base 6) in base 3?
-211201200020
Convert -101110001011101100 (base 2) to base 12.
-91578
What is 1011111111000100010100 (base 2) in base 7?
35464040
What is 331021333 (base 4) in base 8?
751177
Convert 13a9443 (base 11) to base 7.
26341556
What is 11000010011010110101 (base 2) in base 8?
3023265
Convert -1a38aa (base 12) to base 11.
-296669
What is -1531513 (base 6) in base 12?
-43b99
What is 112221211221 (base 3) in base 10?
294406
What is 31212000113 (base 4) in base 6?
204213515
96b663 (base 13) to base 4
31133311121
-6074a1 (base 13) to base 2
-1000100011110101101000
101000210222 (base 3) to base 6
4121555
What is 11031341 (base 5) in base 9?
155425
-1223510 (base 6) to base 7
-362232
What is -1050205 (base 7) in base 3?
-20120222211
What is -2006414 (base 7) in base 11?
-152537
What is 26b39 (base 13) in base 10?
72211
What is 3342343101 (base 5) in base 6?
422200204
Convert 128002 (base 12) to base 9.
513162
What is 12043210 (base 6) in base 16?
5c916
What is -43404011 (base 6) in base 2?
-100111011010110100111
Convert 3130131 (base 4) to base 5.
422414
215676 (base 11) to base 4
1110002033
247142 (base 8) to base 12
41656
Convert 6162400 (base 7) to base 6.
23452341
What is 3354832 (base 9) in base 4?
12321113330
Convert -1243000 (base 6) to base 7.
-402240
Convert 3128f (base 16) to base 5.
22420414
What is 1303a (base 14) in base 11?
320a5
Convert -441178 (base 10) to base 9.
-742157
What is 10112011001 (base 3) in base 10?
69364
-942433 (base 11) to base 10
-1511205
What is -120111132 (base 4) in base 5?
-11142203
Convert -3230113131 (base 4) to base 14.
-1b2b81
-1002511 (base 6) to base 14
-1332b
What is -dfbe87 (base 16) in base 12?
-4ab185b
Convert -a71603 (base 14) to base 12.
-1a8636b
What is -345994 (base 10) in base 11?
-216a50
Convert 15235 (base 14) to base 6.
1043223
570351 (base 10) to base 13
16c7b2
What is 80a49 (base 11) in base 14?
31207
What is e985 (base 16) in base 15?
12aa6
What is -3ba009 (base 14) in base 4?
-13313302021
What is 35010608 (base 9) in base 8?
100714657
-3323110220 (base 4) to base 5
-230420131
Convert -220012201011020 (base 3) to base 9.
-26181136
What is -122312135 (base 6) in base 14?
-455427
What is -20140135 (base 6) in base 14?
-10cacb
Convert 1875280 (base 9) to base 5.
232204024
Convert 9438 (base 13) to base 10.
20496
-2152036 (base 7) to base 14
-6c71d
Convert -23405512 (base 6) to base 2.
-10110010110000110100
Convert -123322101 (base 5) to base 9.
-1121374
What is -a9824 (base 11) in base 15?
-32358
What is 4b36926 (base 12) in base 9?
30678033
What is -119285 (base 10) in base 8?
-350765
33212321 (base 6) to base 14
1bd58d
-1302366 (base 8) to base 4
-1120103312
Convert 166243 (base 10) to base 6.
3321351
What is eb3d8 (base 15) in base 13?
201b87
Convert 14105204 (base 6) to base 10.
475492
What is -381a8 (base 12) in base 9?
-125602
Convert 6091a (ba